{"id":32,"date":"2016-09-29T12:39:09","date_gmt":"2016-09-29T15:39:09","guid":{"rendered":"https:\/\/gspholding.com.br\/site\/?page_id=32"},"modified":"2026-01-05T19:12:28","modified_gmt":"2026-01-05T22:12:28","slug":"sobre","status":"publish","type":"page","link":"https:\/\/gspholding.com.br\/site\/sobre\/","title":{"rendered":"Sobre a GSP"},"content":{"rendered":"<div class=\"builder-container\"><div class=\"builder-full-width-slider builder-full-width-element builder-full-width-element-1\" id=\"builder-full-width-slider-1\" data-controls=\"none\"><ul class=\"builder-slider-slides\" style=\"height:100vh;\"><li class=\"builder-full-width-slider-slide builder-slider-slide has-custom-bg has-color-bg has-image-bg builder-parallax-viewport has-parallax-bg has-parallax-image-bg has-bg-overlay bg-overlay-style-color\" id=\"builder-full-width-slider-slide-1\" style=\"text-align:center;\"><div class=\"builder-parallax-bg builder-bg-scale\" style=\"background-color:#000000;background-image:url(https:\/\/gspholding.com.br\/site\/wp-content\/uploads\/2016\/09\/performance.jpg);;\" data-parallax=\"translate\"><\/div><div class=\"builder-bg-overlay\" style=\"opacity:0.6;background-color:#000000;\"><\/div><div class=\"builder-slide-caption builder-valign-middle\"><div class=\"builder-slide-caption-inner builder-valign-target\"><div class=\"builder-content-wrap\"><h2 class=\"builder-header builder-text-style-hero-title\" id=\"builder-header-1\" style=\"color:#ffffff;text-align:center;\">GSP Holding<\/h2><h3 class=\"builder-header builder-text-style-hero-tagline\" id=\"builder-header-2\" style=\"color:#ffffff;text-align:center;\">Uma empresa 100% brasileira, com muito orgulho!<\/h3><p class=\"builder-button-group\" id=\"builder-button-group-1\" style=\"text-align:center\"><a class=\"builder-button button size-normal style-muted no-icon\" id=\"builder-button-group-item-1\" href=\"https:\/\/gspholding.com.br\/site\/contato\/\"><span class=\"builder-button-text\">\u00c1rea de Atua\u00e7\u00e3o<\/span><\/a><span class=\"builder-button-group-spacer\"><\/span><a class=\"builder-button button size-normal style-green no-icon\" id=\"builder-button-group-item-2\" href=\"https:\/\/gspholding.com.br\/conteudo\/regimento.pdf\"><span class=\"builder-button-text\">Regimento Interno<\/span><\/a><\/p><\/div><\/div><\/div><\/li><\/ul><\/div><div class=\"builder-section builder-full-width-element builder-full-width-element-2\" id=\"builder-section-1\"><div class=\"builder-section-viewport builder-valign-middle has-custom-bg has-color-bg builder-has-html5-video-bg has-video-bg builder-parallax-viewport has-parallax-bg has-parallax-video-bg has-bg-overlay bg-overlay-style-color\" style=\"background-color:#191919;min-height:100vh;\"><video class=\"builder-html5-video-bg\" preload=\"auto\" data-parallax=\"translate\" loop muted><source src=\"https:\/\/arcq.com.br\/cdn\/vids\/contato-ipad.webm\" type=\"video\/webm\" \/><source src=\"https:\/\/arcq.com.br\/cdn\/vids\/contato-ipad.ogg\" type=\"video\/ogg\" \/><source src=\"https:\/\/arcq.com.br\/cdn\/vids\/contato-ipad.mp4\" type=\"video\/mp4\" \/><\/video><div class=\"builder-bg-overlay\" style=\"opacity:0.7;background-color:#000000;\"><\/div><div class=\"builder-valign-target\"><div class=\"builder-content-wrap\"><div class=\"builder-column-row builder-columns-4 spacing-2\" id=\"builder-column-row-1\"><div><div class=\"builder-column builder-column-span-1_4 builder-column-first\" id=\"builder-column-1\" data-column-size=\"1_4\"><\/div><\/div><div><div class=\"builder-column builder-column-span-1_4\" id=\"builder-column-2\" data-column-size=\"1_4\"><div class=\"builder-text-block\" id=\"builder-text-block-1\"><div class=\"builder-tmce-content\"><p><span style=\"color: #f2f2f2;\"><strong>PROP\u00d3SITO<\/strong><\/span><br \/>\n<span style=\"color: #f2f2f2;\"> Fazer neg\u00f3cios nascerem e prosperarem por meio das a\u00e7\u00f5es da empresa.<\/span><\/p>\n<\/div><\/div><div class=\"builder-text-block\" id=\"builder-text-block-2\"><div class=\"builder-tmce-content\"><p><span style=\"color: #f2f2f2;\"><strong>REALIZA\u00c7\u00c3O<\/strong><\/span><br \/>\n<span style=\"color: #f2f2f2;\">Transformamos ideias em realidade.<\/span><\/p>\n<\/div><\/div><div class=\"builder-text-block\" id=\"builder-text-block-3\"><div class=\"builder-tmce-content\"><p><span style=\"color: #f2f2f2;\"><strong>CRIATIVIDADE<\/strong><\/span><br \/>\n<span style=\"color: #f2f2f2;\">Juntamos as coisas de maneira organizada e fazemos mais com menos.<\/span><\/p>\n<\/div><\/div><div class=\"builder-text-block\" id=\"builder-text-block-4\"><div class=\"builder-tmce-content\"><p><span style=\"color: #f2f2f2;\"><strong>PERSIST\u00caNCIA<\/strong><\/span><br \/>\n<span style=\"color: #f2f2f2;\">N\u00e3o desistimos do que acreditamos.<\/span><\/p>\n<\/div><\/div><div class=\"builder-text-block\" id=\"builder-text-block-5\"><div class=\"builder-tmce-content\"><p><span style=\"color: #f2f2f2;\"><strong>CURIOSIDADE<\/strong><\/span><br \/>\n<span style=\"color: #f2f2f2;\">Somos curiosos para buscar o novo e aprender com nossos erros.<\/span><\/p>\n<\/div><\/div><\/div><\/div><div><div class=\"builder-column builder-column-span-1_4\" id=\"builder-column-3\" data-column-size=\"1_4\"><div class=\"builder-text-block\" id=\"builder-text-block-6\"><div class=\"builder-tmce-content\"><p><span style=\"color: #f2f2f2;\"><strong>PAIX\u00c3O<\/strong><\/span><br \/>\n<span style=\"color: #f2f2f2;\">Nos entregamos de corpo e alma ao nosso trabalho porque somos apaixonados pelo que fazemos.<\/span><\/p>\n<\/div><\/div><div class=\"builder-text-block\" id=\"builder-text-block-7\"><div class=\"builder-tmce-content\"><p><span style=\"color: #f2f2f2;\"><strong>DESCONTRA\u00c7\u00c3O<\/strong><\/span><br \/>\n<span style=\"color: #f2f2f2;\">Porque num ambiente alegre chegamos a resultados melhores.<\/span><\/p>\n<\/div><\/div><div class=\"builder-text-block\" id=\"builder-text-block-8\"><div class=\"builder-tmce-content\"><p><span style=\"color: #f2f2f2;\"><strong>HONESTIDADE<\/strong><\/span><br \/>\n<span style=\"color: #f2f2f2;\">\u00c9 um pilar que vivemos e defendemos.<\/span><\/p>\n<\/div><\/div><div class=\"builder-text-block\" id=\"builder-text-block-9\"><div class=\"builder-tmce-content\"><p><span style=\"color: #f2f2f2;\"><strong>EQUIPE<\/strong><\/span><br \/>\n<span style=\"color: #f2f2f2;\">Queremos tirar proveito das diferen\u00e7as. Confiamos uns nos outros para chegar l\u00e1 juntos.<\/span><\/p>\n<\/div><\/div><p class=\"builder-button-group\" id=\"builder-button-group-2\"><a class=\"builder-button button size-normal style-inverse has-icon icon-location-before\" id=\"builder-button-group-item-3\" href=\"#\"><span class=\"builder-button-icon builder-icon entypo-user\"><\/span><span class=\"builder-button-group-icon-spacer\"><\/span><span class=\"builder-button-text\">CEO<\/span><\/a><\/p><div class=\"builder-spacer builder-spacer-default-size clearfix\" id=\"builder-spacer-1\" style=\"height:22px;\"><\/div><p class=\"builder-button-group\" id=\"builder-button-group-3\"><a class=\"builder-button button size-normal style-inverse has-icon icon-location-before\" id=\"builder-button-group-item-4\" href=\"https:\/\/gspholding.com.br\/site\/en\/home-2\/\"><span class=\"builder-button-icon builder-icon entypo-docs\"><\/span><span class=\"builder-button-group-icon-spacer\"><\/span><span class=\"builder-button-text\">Cartas de Recomenda\u00e7\u00e3o<\/span><\/a><\/p><\/div><\/div><div><div class=\"builder-column builder-column-span-1_4 builder-column-last\" id=\"builder-column-4\" data-column-size=\"1_4\"><\/div><\/div><\/div><\/div><\/div><\/div><\/div><div class=\"builder-section builder-full-width-element builder-full-width-element-3\" id=\"builder-section-2\"><div class=\"builder-section-viewport\"><div class=\"builder-content-wrap\"><div class=\"builder-column-row builder-columns-3_5-2_5 spacing-3\" id=\"builder-column-row-2\"><div><div class=\"builder-column builder-column-span-3_5 builder-column-first\" id=\"builder-column-5\" data-column-size=\"3_5\"><div class=\"builder-text-block\" id=\"builder-text-block-10\"><div class=\"builder-tmce-content\"><div class=\"thb-section-block-header\">\n<h2 class=\"thb-section-block-title\">A GSP HOLDING<\/h2>\n<\/div>\n<div class=\"thb-text\">\n<p><strong>Com atua\u00e7\u00e3o no Brasil e no mundo<\/strong>, as empresas controladas pela GSP Holding est\u00e3o presentes em diversos segmentos da economia, oferecendo <strong>produtos e servi\u00e7os de alta qualidade e com gera\u00e7\u00e3o de valor<\/strong>.<\/p>\n<p><strong>Somos movidos pelo empreendedorismo, desafio e inova\u00e7\u00e3o<\/strong>. Por isso, a GSP Holding possui empresas vocacionadas n\u00e3o apenas a fabricar produtos ou fornecer servi\u00e7os, mas dispostas a enfrentar e vencer grandes desafios.<\/p>\n<p>Os valores comuns a todas as empresas do grupo s\u00e3o: <em>capital humano, clientes, qualidade, inova\u00e7\u00e3o, simplicidade, \u00e9tica, aprendizado cont\u00ednuo e empreendedorismo<\/em>.<\/p>\n<p><strong>Empreendedorismo, desafio e coragem<\/strong> definem nosso eixo de investimentos. Governan\u00e7a, solidez e sustentabilidade empresarial definem nosso eixo de gest\u00e3o.<\/p>\n<\/div>\n<\/div><\/div><p class=\"builder-button-group\" id=\"builder-button-group-4\"><a class=\"builder-button button size-normal style-blue has-icon icon-location-before\" id=\"builder-button-group-item-5\" href=\"https:\/\/gspholding.com.br\/site\/institutogsp\/\" target=\"_blank\"><span class=\"builder-button-icon builder-icon entypo-suitcase\"><\/span><span class=\"builder-button-group-icon-spacer\"><\/span><span class=\"builder-button-text\">Instituto GSP<\/span><\/a><span class=\"builder-button-group-spacer\"><\/span><a class=\"builder-button button size-normal style-green has-icon icon-location-before\" id=\"builder-button-group-item-6\" href=\"https:\/\/gspholding.com.br\/site\/sustentabilidade\/\"><span class=\"builder-button-icon builder-icon entypo-lamp\"><\/span><span class=\"builder-button-group-icon-spacer\"><\/span><span class=\"builder-button-text\">Sustentabilidade<\/span><\/a><\/p><\/div><\/div><div><div class=\"builder-column builder-column-span-2_5 builder-column-last\" id=\"builder-column-6\" data-column-size=\"2_5\"><div class=\"builder-text-block\" id=\"builder-text-block-11\"><div class=\"builder-tmce-content\"><p><img loading=\"lazy\" decoding=\"async\" class=\"alignleft\" src=\"http:\/\/gspholding.com.br\/cdn\/imgs\/selo100brasileira_br.png\" width=\"423\" height=\"423\" \/><\/p>\n<\/div><\/div><\/div><\/div><\/div><div class=\"builder-row\" id=\"builder-row-1\" data-column-size=\"1\"><\/div><\/div><\/div><\/div><\/div>\n","protected":false},"excerpt":{"rendered":"GSP HoldingUma empresa 100% brasileira, com muito orgulho!\u00c1rea de Atua\u00e7\u00e3oRegimento InternoPROP\u00d3SITO Fazer neg\u00f3cios nascerem e prosperarem por meio das a\u00e7\u00f5es da empresa. REALIZA\u00c7\u00c3O Transformamos ideias em realidade. CRIATIVIDADE Juntamos as coisas de maneira organizada e fazemos mais com menos. PERSIST\u00caNCIA N\u00e3o desistimos do que acreditamos. CURIOSIDADE Somos curiosos para buscar o novo e aprender com [...]","protected":false},"author":1,"featured_media":0,"parent":0,"menu_order":0,"comment_status":"closed","ping_status":"closed","template":"","meta":{"footnotes":""},"_links":{"self":[{"href":"https:\/\/gspholding.com.br\/site\/wp-json\/wp\/v2\/pages\/32"}],"collection":[{"href":"https:\/\/gspholding.com.br\/site\/wp-json\/wp\/v2\/pages"}],"about":[{"href":"https:\/\/gspholding.com.br\/site\/wp-json\/wp\/v2\/types\/page"}],"author":[{"embeddable":true,"href":"https:\/\/gspholding.com.br\/site\/wp-json\/wp\/v2\/users\/1"}],"replies":[{"embeddable":true,"href":"https:\/\/gspholding.com.br\/site\/wp-json\/wp\/v2\/comments?post=32"}],"version-history":[{"count":30,"href":"https:\/\/gspholding.com.br\/site\/wp-json\/wp\/v2\/pages\/32\/revisions"}],"predecessor-version":[{"id":2453,"href":"https:\/\/gspholding.com.br\/site\/wp-json\/wp\/v2\/pages\/32\/revisions\/2453"}],"wp:attachment":[{"href":"https:\/\/gspholding.com.br\/site\/wp-json\/wp\/v2\/media?parent=32"}],"curies":[{"name":"wp","href":"https:\/\/api.w.org\/{rel}","templated":true}]}}