{"id":38,"date":"2016-09-29T12:45:02","date_gmt":"2016-09-29T15:45:02","guid":{"rendered":"https:\/\/gspholding.com.br\/site\/?page_id=38"},"modified":"2017-07-12T16:03:15","modified_gmt":"2017-07-12T19:03:15","slug":"sustentabilidade","status":"publish","type":"page","link":"https:\/\/gspholding.com.br\/site\/sustentabilidade\/","title":{"rendered":"Sustentabilidade"},"content":{"rendered":"<div class=\"builder-container\"><div class=\"builder-full-width-slider builder-full-width-element builder-full-width-element-1\" id=\"builder-full-width-slider-1\" data-controls=\"none\"><ul class=\"builder-slider-slides\" style=\"height:100vh;\"><li class=\"builder-full-width-slider-slide builder-slider-slide has-custom-bg has-color-bg has-image-bg builder-parallax-viewport has-parallax-bg has-parallax-image-bg has-bg-overlay bg-overlay-style-gradient\" id=\"builder-full-width-slider-slide-1\" style=\"text-align:center;\"><div class=\"builder-parallax-bg builder-bg-scale\" style=\"background-color:#065031;background-image:url(https:\/\/gspholding.com.br\/site\/wp-content\/uploads\/2016\/09\/bg_sustentabilidade.jpg);;\" data-parallax=\"translate\"><\/div><div class=\"builder-bg-overlay\" style=\"background:rgba(1,112,0,0.6);background:-webkit-linear-gradient(to bottom,rgba(1,112,0,0.6),rgba(6,80,49,0.9));background:linear-gradient(to bottom,rgba(1,112,0,0.6),rgba(6,80,49,0.9));\"><\/div><div class=\"builder-slide-caption builder-valign-middle\"><div class=\"builder-slide-caption-inner builder-valign-target\"><div class=\"builder-content-wrap\"><h2 class=\"builder-header builder-text-style-hero-title\" id=\"builder-header-1\" style=\"color:#ffffff;text-align:center;\">Sustentabilidade<\/h2><h3 class=\"builder-header builder-text-style-hero-tagline\" id=\"builder-header-2\" style=\"color:#ffffff;text-align:center;\">Influenciar pessoas a agir pelo futuro<\/h3><\/div><\/div><\/div><\/li><\/ul><\/div><div class=\"builder-section builder-full-width-element builder-full-width-element-2\" id=\"builder-section-1\"><div class=\"builder-section-viewport\"><div class=\"builder-content-wrap\"><div class=\"builder-row\" id=\"builder-row-1\" data-column-size=\"1\"><div class=\"builder-text-block\" id=\"builder-text-block-1\"><div class=\"builder-tmce-content\"><h3 style=\"text-align: center;\"><strong>De que adianta crescer se n\u00e3o for com todo mundo crescendo tamb\u00e9m?<\/strong><\/h3>\n<p style=\"text-align: center;\">\u00c9 assim que n\u00f3s entendemos sustentabilidade.<br \/>\nBuscamos em cada a\u00e7\u00e3o beneficiar, manter e desenvolver nossa sociedade, economia e natureza.<br \/>\nDe forma justa e perene.<\/p>\n<div class=\"thb-section-block-content\">\n<div class=\"thb-text\">\n<h3 style=\"text-align: center;\"><strong>Entendemos que podemos influenciar pessoas a agir pelo futuro<\/strong>.<br \/>\nE \u00e9 isso que voc\u00ea pode ver em nossa forma de fazer.<\/h3>\n<\/div>\n<\/div>\n<div class=\"thb-section-block-header\"><\/div>\n<\/div><\/div><\/div><div class=\"builder-row\" id=\"builder-row-2\" data-column-size=\"1\"><div class=\"builder-spacer builder-spacer-default-size clearfix\" id=\"builder-spacer-1\" style=\"height:22px;\"><\/div><\/div><div class=\"builder-column-row builder-columns-3_5-2_5 spacing-2\" id=\"builder-column-row-1\"><div><div class=\"builder-column builder-column-span-3_5 builder-column-first\" id=\"builder-column-1\" data-column-size=\"3_5\"><article class=\"builder-icon-box icon-location-adjacent icon-custom-color\" id=\"builder-icon-box-1\" data-entrance=\"builder-flip-in-x\"><div class=\"builder-icon-box-icon-container\" style=\"background-color:#006ca5;color:#006ca5;\"><span class=\"builder-icon-box-icon builder-icon entypo-users\"><\/span><\/div><div class=\"builder-icon-box-adjacent-container\"><h3 class=\"builder-icon-box-title\">Sustentabilidade Social<\/h3><div class=\"builder-icon-box-content\"><div class=\"builder-tmce-content\"><p>A GSP Holding acredita que a atua\u00e7\u00e3o e a crescente expans\u00e3o dos neg\u00f3cios de uma empresa est\u00e3o aliadas ao desenvolvimento social da comunidade onde est\u00e1 presente. \u00c9 por meio da educa\u00e7\u00e3o, cidadania, oficinas, f\u00f3runs e novas ideias que est\u00e1 o modo mais eficaz da empresa se envolver no aprimoramento do potencial humano.<\/p>\n<\/div><\/div><\/div><\/article><article class=\"builder-icon-box icon-location-adjacent icon-custom-color\" id=\"builder-icon-box-2\" data-entrance=\"builder-flip-in-x\"><div class=\"builder-icon-box-icon-container\" style=\"background-color:#3faa7f;color:#3faa7f;\"><span class=\"builder-icon-box-icon builder-icon entypo-globe\"><\/span><\/div><div class=\"builder-icon-box-adjacent-container\"><h3 class=\"builder-icon-box-title\">Sustentabilidade Ambiental<\/h3><div class=\"builder-icon-box-content\"><div class=\"builder-tmce-content\"><div class=\"thb-text\">\n<p>Mais do que realizar uma gest\u00e3o de neg\u00f3cios que contribua com a preserva\u00e7\u00e3o do ecossistema e o futuro do planeta, \u00e9 ser capaz de influenciar positivamente toda uma rede de relacionamento com a\u00e7\u00f5es ambientalmente sustent\u00e1veis \u2013 seja a comunidade, fornecedores, clientes ou associados.<\/p>\n<\/div>\n<\/div><\/div><\/div><\/article><article class=\"builder-icon-box icon-location-adjacent icon-custom-color\" id=\"builder-icon-box-3\" data-entrance=\"builder-flip-in-x\"><div class=\"builder-icon-box-icon-container\" style=\"background-color:#ffae00;color:#ffae00;\"><span class=\"builder-icon-box-icon builder-icon entypo-chart-bar\"><\/span><\/div><div class=\"builder-icon-box-adjacent-container\"><h3 class=\"builder-icon-box-title\">Sustentabilidade Econ\u00f4mica<\/h3><div class=\"builder-icon-box-content\"><div class=\"builder-tmce-content\"><div class=\"thb-text\">\n<p>Planejar e executar de modo organizado, sistematizado, \u00e1gil e com governan\u00e7a corporativa s\u00f3lida, possibilitando a\u00e7\u00f5es e decis\u00f5es acertadas no presente com comprometimento com o futuro, s\u00e3o pilares fundamentais da sustentabilidade econ\u00f4mica. A GSP Holding acredita que essa \u00e9 a chave para se garantir a sobreviv\u00eancia e o crescimento da organiza\u00e7\u00e3o no longo prazo.<\/p>\n<\/div>\n<\/div><\/div><\/div><\/article><\/div><\/div><div><div class=\"builder-column builder-column-span-2_5 builder-column-last\" id=\"builder-column-2\" data-column-size=\"2_5\"><div class=\"builder-text-block\" id=\"builder-text-block-2\"><div class=\"builder-tmce-content\"><p><img loading=\"lazy\" decoding=\"async\" class=\"attachment-full aligncenter\" src=\"http:\/\/gspholding.com.br\/cdn\/imgs\/selo-sustentavel.png\" width=\"300\" height=\"381\" \/><\/p>\n<\/div><\/div><\/div><\/div><\/div><\/div><\/div><\/div><div class=\"builder-section builder-full-width-element builder-full-width-element-3\" id=\"builder-section-2\"><div class=\"builder-section-viewport builder-valign-middle builder-parallax-viewport has-custom-bg has-image-bg has-parallax-bg has-parallax-image-bg has-bg-overlay bg-overlay-style-color\" style=\"min-height:60vh;\"><div class=\"builder-parallax-bg builder-bg-scale\" style=\"background-image:url(https:\/\/gspholding.com.br\/site\/wp-content\/uploads\/2016\/09\/bg_negocio-sustentavel.jpg);;\" data-parallax=\"translate\"><\/div><div class=\"builder-bg-overlay\" style=\"opacity:0.3;background-color:#ffffff;\"><\/div><div class=\"builder-valign-target\"><div class=\"builder-content-wrap\" data-parallax=\"translate\"><div class=\"builder-column-row-valign-wrapper spacing-2\"><div class=\"builder-column-row builder-columns-3_5-2_5 spacing-2 valign-columns-middle\" id=\"builder-column-row-2\"><div><div class=\"builder-column builder-column-span-3_5 builder-column-first\" id=\"builder-column-3\" data-column-size=\"3_5\"><\/div><\/div><div><div class=\"builder-column builder-column-span-2_5 builder-column-last\" id=\"builder-column-4\" data-column-size=\"2_5\"><div class=\"builder-text-block\" id=\"builder-text-block-3\"><div class=\"builder-tmce-content\"><h2 style=\"text-align: center;\"><\/h2>\n<h2 style=\"text-align: center;\"><strong style=\"color: #4d624e;\">Atitudes transformadoras<br \/>\n<\/strong>que s\u00e3o para a vida toda.<\/h2>\n<\/div><\/div><\/div><\/div><\/div><\/div><\/div><\/div><\/div><\/div><\/div>\n","protected":false},"excerpt":{"rendered":"SustentabilidadeInfluenciar pessoas a agir pelo futuroDe que adianta crescer se n\u00e3o for com todo mundo crescendo tamb\u00e9m? \u00c9 assim que n\u00f3s entendemos sustentabilidade. Buscamos em cada a\u00e7\u00e3o beneficiar, manter e desenvolver nossa sociedade, economia e natureza. De forma justa e perene. Entendemos que podemos influenciar pessoas a agir pelo futuro. E \u00e9 isso que voc\u00ea [...]","protected":false},"author":1,"featured_media":0,"parent":0,"menu_order":0,"comment_status":"closed","ping_status":"closed","template":"","meta":{"footnotes":""},"_links":{"self":[{"href":"https:\/\/gspholding.com.br\/site\/wp-json\/wp\/v2\/pages\/38"}],"collection":[{"href":"https:\/\/gspholding.com.br\/site\/wp-json\/wp\/v2\/pages"}],"about":[{"href":"https:\/\/gspholding.com.br\/site\/wp-json\/wp\/v2\/types\/page"}],"author":[{"embeddable":true,"href":"https:\/\/gspholding.com.br\/site\/wp-json\/wp\/v2\/users\/1"}],"replies":[{"embeddable":true,"href":"https:\/\/gspholding.com.br\/site\/wp-json\/wp\/v2\/comments?post=38"}],"version-history":[{"count":15,"href":"https:\/\/gspholding.com.br\/site\/wp-json\/wp\/v2\/pages\/38\/revisions"}],"predecessor-version":[{"id":705,"href":"https:\/\/gspholding.com.br\/site\/wp-json\/wp\/v2\/pages\/38\/revisions\/705"}],"wp:attachment":[{"href":"https:\/\/gspholding.com.br\/site\/wp-json\/wp\/v2\/media?parent=38"}],"curies":[{"name":"wp","href":"https:\/\/api.w.org\/{rel}","templated":true}]}}