{"id":47,"date":"2016-09-29T13:10:35","date_gmt":"2016-09-29T16:10:35","guid":{"rendered":"https:\/\/gspholding.com.br\/site\/?page_id=47"},"modified":"2017-06-13T11:44:02","modified_gmt":"2017-06-13T14:44:02","slug":"agronegocio","status":"publish","type":"page","link":"https:\/\/gspholding.com.br\/site\/agronegocio\/","title":{"rendered":"Agroneg\u00f3cio"},"content":{"rendered":"<div class=\"builder-container\"><div class=\"builder-full-width-slider builder-full-width-element builder-full-width-element-1\" id=\"builder-full-width-slider-1\" data-controls=\"none\"><ul class=\"builder-slider-slides\" style=\"height:70vh;\"><li class=\"builder-full-width-slider-slide builder-slider-slide has-custom-bg has-color-bg has-image-bg builder-parallax-viewport has-parallax-bg has-parallax-image-bg has-bg-overlay bg-overlay-style-gradient\" id=\"builder-full-width-slider-slide-1\" style=\"text-align:center;\"><div class=\"builder-parallax-bg builder-bg-scale\" style=\"background-color:#065031;background-image:url(https:\/\/gspholding.com.br\/site\/wp-content\/uploads\/2016\/09\/bg_agronegocio.jpg);;\" data-parallax=\"translate\"><\/div><div class=\"builder-bg-overlay\" style=\"background:rgba(10,0,0,0.4);background:-webkit-linear-gradient(to bottom,rgba(10,0,0,0.4),rgba(0,0,0,0.6));background:linear-gradient(to bottom,rgba(10,0,0,0.4),rgba(0,0,0,0.6));\"><\/div><div class=\"builder-slide-caption builder-valign-middle\"><div class=\"builder-slide-caption-inner builder-valign-target\"><div class=\"builder-content-wrap\"><h2 class=\"builder-header builder-text-style-banner-title\" id=\"builder-header-1\" style=\"color:#ffffff;text-align:center;\">Agroneg\u00f3cio<\/h2><h4 class=\"builder-header builder-text-style-small-uppercase-bold\" id=\"builder-header-2\" style=\"color:#ffffff;text-align:center;margin-bottom:10px;\">Num futuro pr\u00f3ximo o Brasil ser\u00e1, sem d\u00favidas, o maior produtor de gr\u00e3os do mundo.<\/h4><p class=\"builder-button-group\" id=\"builder-button-group-1\" style=\"text-align:center\"><a class=\"builder-button button size-normal style-muted has-icon icon-location-after\" id=\"builder-button-group-item-1\" href=\"https:\/\/gspholding.com.br\/site\/gspagopecuaria\/\"><span class=\"builder-button-text\">GSP Agropecu\u00e1ria<\/span><span class=\"builder-button-group-icon-spacer\"><\/span><span class=\"builder-button-icon builder-icon entypo-right-open\"><\/span><\/a><\/p><\/div><\/div><\/div><\/li><\/ul><\/div><div class=\"builder-section builder-full-width-element builder-full-width-element-2\" id=\"builder-section-1\"><div class=\"builder-section-viewport\"><div class=\"builder-content-wrap\"><div class=\"builder-column-row builder-columns-1_4-1_2-1_4 spacing-2\" id=\"builder-column-row-1\"><div><div class=\"builder-column builder-column-span-1_4 builder-column-first\" id=\"builder-column-1\" data-column-size=\"1_4\"><\/div><\/div><div><div class=\"builder-column builder-column-span-1_2\" id=\"builder-column-2\" data-column-size=\"1_2\"><div class=\"builder-text-block\" id=\"builder-text-block-1\"><div class=\"builder-tmce-content\"><p>O Brasil apresenta <strong>amplas vantagens para o setor agr\u00edcola<\/strong> por causa de suas caracter\u00edsticas de clima e solo. Al\u00e9m disso, o Brasil \u00e9 um dos poucos pa\u00edses no mundo que ainda disp\u00f5e de \u00e1reas para que o agroneg\u00f3cio possa se expandir.<\/p>\n<p>Atualmente, <strong>o Brasil \u00e9 o quarto maior produtor de gr\u00e3os do mundo<\/strong>, perdendo apenas para os Estados Unidos, a China e a \u00cdndia. No entanto, estes pa\u00edses n\u00e3o disp\u00f5em de terras para crescer, enquanto o Brasil ainda pode triplicar as \u00e1reas destinadas para commodities agr\u00edcolas, respeitando as mais r\u00edgidas leis de prote\u00e7\u00e3o ao meio ambiente.<\/p>\n<p><strong>Num futuro pr\u00f3ximo o Brasil ser\u00e1, sem d\u00favidas, o maior produtor de gr\u00e3os do mundo.<\/strong><\/p>\n<\/div><\/div><\/div><\/div><div><div class=\"builder-column builder-column-span-1_4 builder-column-last\" id=\"builder-column-3\" data-column-size=\"1_4\"><\/div><\/div><\/div><\/div><\/div><\/div><\/div>\n","protected":false},"excerpt":{"rendered":"Agroneg\u00f3cioNum futuro pr\u00f3ximo o Brasil ser\u00e1, sem d\u00favidas, o maior produtor de gr\u00e3os do mundo.GSP Agropecu\u00e1riaO Brasil apresenta amplas vantagens para o setor agr\u00edcola por causa de suas caracter\u00edsticas de clima e solo. Al\u00e9m disso, o Brasil \u00e9 um dos poucos pa\u00edses no mundo que ainda disp\u00f5e de \u00e1reas para que o agroneg\u00f3cio possa se [...]","protected":false},"author":1,"featured_media":0,"parent":0,"menu_order":0,"comment_status":"closed","ping_status":"closed","template":"","meta":{"footnotes":""},"_links":{"self":[{"href":"https:\/\/gspholding.com.br\/site\/wp-json\/wp\/v2\/pages\/47"}],"collection":[{"href":"https:\/\/gspholding.com.br\/site\/wp-json\/wp\/v2\/pages"}],"about":[{"href":"https:\/\/gspholding.com.br\/site\/wp-json\/wp\/v2\/types\/page"}],"author":[{"embeddable":true,"href":"https:\/\/gspholding.com.br\/site\/wp-json\/wp\/v2\/users\/1"}],"replies":[{"embeddable":true,"href":"https:\/\/gspholding.com.br\/site\/wp-json\/wp\/v2\/comments?post=47"}],"version-history":[{"count":13,"href":"https:\/\/gspholding.com.br\/site\/wp-json\/wp\/v2\/pages\/47\/revisions"}],"predecessor-version":[{"id":1073,"href":"https:\/\/gspholding.com.br\/site\/wp-json\/wp\/v2\/pages\/47\/revisions\/1073"}],"wp:attachment":[{"href":"https:\/\/gspholding.com.br\/site\/wp-json\/wp\/v2\/media?parent=47"}],"curies":[{"name":"wp","href":"https:\/\/api.w.org\/{rel}","templated":true}]}}