{"id":68,"date":"2016-09-29T13:17:01","date_gmt":"2016-09-29T16:17:01","guid":{"rendered":"https:\/\/gspholding.com.br\/site\/?page_id=68"},"modified":"2017-07-26T15:43:30","modified_gmt":"2017-07-26T18:43:30","slug":"gsptrading","status":"publish","type":"page","link":"https:\/\/gspholding.com.br\/site\/en\/gsptrading\/","title":{"rendered":"GSP Trading"},"content":{"rendered":"<div class=\"builder-container\"><div class=\"builder-full-width-slider builder-full-width-element builder-full-width-element-1\" id=\"builder-full-width-slider-1\" data-controls=\"none\"><ul class=\"builder-slider-slides\" style=\"height:50vh;\"><li class=\"builder-full-width-slider-slide builder-slider-slide has-custom-bg has-color-bg has-image-bg builder-parallax-viewport has-parallax-bg has-parallax-image-bg has-bg-overlay bg-overlay-style-gradient\" id=\"builder-full-width-slider-slide-1\" style=\"text-align:center;\"><div class=\"builder-parallax-bg builder-bg-scale\" style=\"background-color:#292c4d;background-image:url(https:\/\/gspholding.com.br\/site\/wp-content\/uploads\/2016\/09\/OGMQIN0.jpg);;\" data-parallax=\"translate\"><\/div><div class=\"builder-bg-overlay\" style=\"background:rgba(41,44,77,0.6);background:-webkit-linear-gradient(to bottom,rgba(41,44,77,0.6),rgba(24,78,160,0.8));background:linear-gradient(to bottom,rgba(41,44,77,0.6),rgba(24,78,160,0.8));\"><\/div><div class=\"builder-slide-caption builder-valign-middle\"><div class=\"builder-slide-caption-inner builder-valign-target\"><div class=\"builder-content-wrap\"><h2 class=\"builder-header builder-text-style-banner-title\" id=\"builder-header-1\" style=\"color:#ffffff;text-align:center;\">GSP TRADING<\/h2><\/div><\/div><\/div><\/li><\/ul><\/div><div class=\"builder-section builder-full-width-element builder-full-width-element-2\" id=\"builder-section-1\"><div class=\"builder-section-viewport has-custom-bg has-color-bg\" style=\"background-color:#ffffff;\"><div class=\"builder-content-wrap\"><div class=\"builder-column-row builder-columns-3 spacing-2\" id=\"builder-column-row-1\"><div><div class=\"builder-column builder-column-span-1_3 builder-column-first\" id=\"builder-column-1\" data-column-size=\"1_3\"><article class=\"builder-icon-box icon-location-adjacent icon-custom-color builder-superlink\" id=\"builder-icon-box-1\" data-entrance=\"builder-zoom-in\" data-entrance-delay=\"500\"><div class=\"builder-icon-box-icon-container\" style=\"background-color:#003673;color:#003673;\"><span class=\"builder-icon-box-icon builder-icon entypo-chart-bar\"><\/span><\/div><div class=\"builder-icon-box-adjacent-container\"><h3 class=\"builder-icon-box-title\">AN\u00c1LISE DE MERCADO<\/h3><div class=\"builder-icon-box-content\"><div class=\"builder-tmce-content\"><\/div><p class=\"builder-icon-box-link hide-if-js\"><a href=\"https:\/\/gspholding.com.br\/site\/analise-de-mercado\/\" target=\"_blank\">AN\u00c1LISE DE MERCADO &#8594;<\/a><\/p><\/div><\/div><\/article><div class=\"builder-spacer clearfix\" id=\"builder-spacer-1\" style=\"height:50px;\"><\/div><article class=\"builder-icon-box icon-location-adjacent icon-custom-color builder-superlink\" id=\"builder-icon-box-2\" data-entrance=\"builder-zoom-in\" data-entrance-delay=\"500\"><div class=\"builder-icon-box-icon-container\" style=\"background-color:#003673;color:#003673;\"><span class=\"builder-icon-box-icon builder-icon entypo-suitcase\"><\/span><\/div><div class=\"builder-icon-box-adjacent-container\"><h3 class=\"builder-icon-box-title\">ASSESSORIA JURIDICA E TRIBUT\u00c1RIA<\/h3><div class=\"builder-icon-box-content\"><div class=\"builder-tmce-content\"><\/div><p class=\"builder-icon-box-link hide-if-js\"><a href=\"https:\/\/gspholding.com.br\/site\/assessoriajuridicaetributaria\/\" target=\"_blank\">ASSESSORIA JURIDICA E TRIBUT\u00c1RIA &#8594;<\/a><\/p><\/div><\/div><\/article><\/div><\/div><div><div class=\"builder-column builder-column-span-1_3\" id=\"builder-column-2\" data-column-size=\"1_3\"><article class=\"builder-icon-box icon-location-adjacent icon-custom-color builder-superlink\" id=\"builder-icon-box-3\" data-entrance=\"builder-zoom-in\" data-entrance-delay=\"500\"><div class=\"builder-icon-box-icon-container\" style=\"background-color:#003673;color:#003673;\"><span class=\"builder-icon-box-icon builder-icon entypo-calendar\"><\/span><\/div><div class=\"builder-icon-box-adjacent-container\"><h3 class=\"builder-icon-box-title\">PLANEJAMENTO ESTRAT\u00c9GICO<\/h3><div class=\"builder-icon-box-content\"><div class=\"builder-tmce-content\"><\/div><p class=\"builder-icon-box-link hide-if-js\"><a href=\"https:\/\/gspholding.com.br\/site\/planejamentoestrategico\/\">PLANEJAMENTO ESTRAT\u00c9GICO &#8594;<\/a><\/p><\/div><\/div><\/article><div class=\"builder-spacer clearfix\" id=\"builder-spacer-2\" style=\"height:50px;\"><\/div><article class=\"builder-icon-box icon-location-adjacent icon-custom-color builder-superlink\" id=\"builder-icon-box-4\" data-entrance=\"builder-zoom-in\" data-entrance-delay=\"500\"><div class=\"builder-icon-box-icon-container\" style=\"background-color:#003673;color:#003673;\"><span class=\"builder-icon-box-icon builder-icon entypo-check\"><\/span><\/div><div class=\"builder-icon-box-adjacent-container\"><h3 class=\"builder-icon-box-title\">GEST\u00c3O FINANCEIRA<\/h3><div class=\"builder-icon-box-content\"><div class=\"builder-tmce-content\"><\/div><p class=\"builder-icon-box-link hide-if-js\"><a href=\"https:\/\/gspholding.com.br\/site\/gestaofinanceira\/\" target=\"_blank\">GEST\u00c3O FINANCEIRA &#8594;<\/a><\/p><\/div><\/div><\/article><\/div><\/div><div><div class=\"builder-column builder-column-span-1_3 builder-column-last\" id=\"builder-column-3\" data-column-size=\"1_3\"><article class=\"builder-icon-box icon-location-adjacent icon-custom-color builder-superlink\" id=\"builder-icon-box-5\" data-entrance=\"builder-zoom-in\" data-entrance-delay=\"500\"><div class=\"builder-icon-box-icon-container\" style=\"background-color:#003763;color:#003763;\"><span class=\"builder-icon-box-icon builder-icon entypo-archive\"><\/span><\/div><div class=\"builder-icon-box-adjacent-container\"><h3 class=\"builder-icon-box-title\">GEST\u00c3O DE PROJETOS<\/h3><div class=\"builder-icon-box-content\"><div class=\"builder-tmce-content\"><\/div><p class=\"builder-icon-box-link hide-if-js\"><a href=\"https:\/\/gspholding.com.br\/site\/gestaodeprojetos\/\" target=\"_blank\">GEST\u00c3O DE PROJETOS &#8594;<\/a><\/p><\/div><\/div><\/article><div class=\"builder-spacer clearfix\" id=\"builder-spacer-3\" style=\"height:50px;\"><\/div><article class=\"builder-icon-box icon-location-adjacent icon-custom-color\" id=\"builder-icon-box-6\" data-entrance=\"builder-zoom-in\" data-entrance-delay=\"500\"><div class=\"builder-icon-box-icon-container\" style=\"background-color:#003763;color:#003763;\"><span class=\"builder-icon-box-icon builder-icon entypo-docs\"><\/span><\/div><div class=\"builder-icon-box-adjacent-container\"><h3 class=\"builder-icon-box-title\">LAUDOS DE AVALIA\u00c7\u00c3O<\/h3><div class=\"builder-icon-box-content\"><div class=\"builder-tmce-content\"><\/div><\/div><\/div><\/article><\/div><\/div><\/div><\/div><\/div><\/div><div class=\"builder-section builder-full-width-element builder-full-width-element-3\" id=\"builder-section-2\"><div class=\"builder-section-viewport has-custom-bg has-color-bg\" style=\"background-color:#003673;\"><div class=\"builder-content-wrap\"><div class=\"builder-column-row builder-columns-2 spacing-2\" id=\"builder-column-row-2\"><div><div class=\"builder-column builder-column-span-1_2 builder-column-first\" id=\"builder-column-4\" data-column-size=\"1_2\"><div class=\"builder-text-block\" id=\"builder-text-block-1\"><div class=\"builder-tmce-content\"><h5 style=\"text-align: center;\"><span style=\"color: #ffffff;\">Se voc\u00ea est\u00e1 pensando em se tornar um empreendedor e abrir seu pr\u00f3prio neg\u00f3cio,\u00a0 ou se j\u00e1 possui um neg\u00f3cio pr\u00f3prio e necessita de recursos financeiros para investir em equipamentos, ve\u00edculos ou necessita reformar sua empresa, agende conosco sua visita.<\/span><\/h5>\n<\/div><\/div><div class=\"builder-text-block\" id=\"builder-text-block-2\"><div class=\"builder-tmce-content\"><h5 style=\"text-align: center;\"><span style=\"color: #ffffff;\">A <strong>GSP Trading<\/strong> possui profissionais qualificados que ir\u00e3o elaborar o <strong>EVTE- ESTUDO DE VIABILIDADE T\u00c9CNICO-EC\u00d4MICO<\/strong> e o encaminhar as institui\u00e7\u00f5es financeiras e agencias de fomento estaduais.<\/span><\/h5>\n<\/div><\/div><p class=\"builder-button-group\" id=\"builder-button-group-1\" style=\"text-align:center\" data-entrance=\"builder-fade-in-up\" data-entrance-delay=\"500\"><a class=\"builder-button button size-small style-inverse no-icon\" id=\"builder-button-group-item-1\" href=\"https:\/\/gspholding.com.br\/site\/contato\/\"><span class=\"builder-button-text\">Fale Conosco<\/span><\/a><\/p><\/div><\/div><div><div class=\"builder-column builder-column-span-1_2 builder-column-last\" id=\"builder-column-5\" data-column-size=\"1_2\"><figure class=\"builder-image halign-image-center\" id=\"builder-image-1\"><img decoding=\"async\" src=\"https:\/\/gspholding.com.br\/site\/wp-content\/uploads\/2016\/09\/entrepreneur-1340649.jpg\" alt=\"entrepreneur-1340649\" data-entrance=\"builder-fade-in-up\" \/><\/figure><\/div><\/div><\/div><\/div><\/div><\/div><div class=\"builder-section builder-full-width-element builder-full-width-element-4\" id=\"builder-section-3\"><div class=\"builder-section-viewport\"><div class=\"builder-content-wrap\"><div class=\"builder-row\" id=\"builder-row-1\" data-column-size=\"1\"><figure class=\"builder-image halign-image-center\" id=\"builder-image-2\"><img decoding=\"async\" src=\"https:\/\/gspholding.com.br\/site\/wp-content\/uploads\/2016\/09\/Logo-GSP-Trading.png\" alt=\"Logo GSP Trading\" \/><\/figure><\/div><\/div><\/div><\/div><\/div>\n","protected":false},"excerpt":{"rendered":"GSP TRADINGAN\u00c1LISE DE MERCADOAN\u00c1LISE DE MERCADO &#8594;ASSESSORIA JURIDICA E TRIBUT\u00c1RIAASSESSORIA JURIDICA E TRIBUT\u00c1RIA &#8594;PLANEJAMENTO ESTRAT\u00c9GICOPLANEJAMENTO ESTRAT\u00c9GICO &#8594;GEST\u00c3O FINANCEIRAGEST\u00c3O FINANCEIRA &#8594;GEST\u00c3O DE PROJETOSGEST\u00c3O DE PROJETOS &#8594;LAUDOS DE AVALIA\u00c7\u00c3OSe voc\u00ea est\u00e1 pensando em se tornar um empreendedor e abrir seu pr\u00f3prio neg\u00f3cio,\u00a0 ou se j\u00e1 possui um neg\u00f3cio pr\u00f3prio e necessita de recursos financeiros para investir em [...]","protected":false},"author":1,"featured_media":0,"parent":0,"menu_order":0,"comment_status":"closed","ping_status":"closed","template":"","meta":{"footnotes":""},"_links":{"self":[{"href":"https:\/\/gspholding.com.br\/site\/wp-json\/wp\/v2\/pages\/68"}],"collection":[{"href":"https:\/\/gspholding.com.br\/site\/wp-json\/wp\/v2\/pages"}],"about":[{"href":"https:\/\/gspholding.com.br\/site\/wp-json\/wp\/v2\/types\/page"}],"author":[{"embeddable":true,"href":"https:\/\/gspholding.com.br\/site\/wp-json\/wp\/v2\/users\/1"}],"replies":[{"embeddable":true,"href":"https:\/\/gspholding.com.br\/site\/wp-json\/wp\/v2\/comments?post=68"}],"version-history":[{"count":16,"href":"https:\/\/gspholding.com.br\/site\/wp-json\/wp\/v2\/pages\/68\/revisions"}],"predecessor-version":[{"id":708,"href":"https:\/\/gspholding.com.br\/site\/wp-json\/wp\/v2\/pages\/68\/revisions\/708"}],"wp:attachment":[{"href":"https:\/\/gspholding.com.br\/site\/wp-json\/wp\/v2\/media?parent=68"}],"curies":[{"name":"wp","href":"https:\/\/api.w.org\/{rel}","templated":true}]}}